{"id":33,"date":"2023-06-06T19:34:00","date_gmt":"2023-06-06T19:34:00","guid":{"rendered":"https:\/\/tradicioncafetera.com.co\/?page_id=33"},"modified":"2023-06-06T20:25:58","modified_gmt":"2023-06-06T20:25:58","slug":"hermosos-portafolios-para-creativos-excepcionales","status":"publish","type":"page","link":"https:\/\/tradicioncafetera.com.co\/","title":{"rendered":"En Tradici\u00f3n Cafetera nos motiva el amor por el campo"},"content":{"rendered":"\n<p class=\"has-text-align-center\">Nos diferencia el amor por lo que hacemos, la pasi\u00f3n por el campo y el deseo constante de superarnos cada d\u00eda, mejorando cada uno de nuestro procesos, para entregar un producto de alta calidad. <\/p>\n\n\n\n<div style=\"height:55px\" aria-hidden=\"true\" class=\"wp-block-spacer\"><\/div>\n\n\n\n<div class=\"wp-block-group alignfull has-background\" style=\"background-color:#e5e9ec\"><div class=\"wp-block-group__inner-container is-layout-flow wp-block-group-is-layout-flow\">\n<div class=\"wp-block-columns is-layout-flex wp-container-core-columns-is-layout-9d6595d7 wp-block-columns-is-layout-flex\">\n<div class=\"wp-block-column is-vertically-aligned-center is-layout-flow wp-block-column-is-layout-flow\">\n<h2 class=\"wp-block-heading\">Nosotros<\/h2>\n\n\n\n<p>Somos una empresa de tradici\u00f3n familiar, dedicada a la producci\u00f3n agr\u00edcola, especializada en la comercializaci\u00f3n de productos de alta calidad. <\/p>\n\n\n\n<div class=\"wp-block-buttons is-horizontal is-content-justification-left is-layout-flex wp-container-core-buttons-is-layout-7e5fce0a wp-block-buttons-is-layout-flex\">\n<div class=\"wp-block-button is-style-outline is-style-outline--1\"><a class=\"wp-block-button__link wp-element-button\" href=\"http:\/\/www.tradicioncafetera.com.co\/nosotros\">CONOCE +<\/a><\/div>\n<\/div>\n\n\n\n<p><\/p>\n<\/div>\n\n\n\n<div class=\"wp-block-column is-layout-flow wp-block-column-is-layout-flow\">\n<div style=\"height:48px\" aria-hidden=\"true\" class=\"wp-block-spacer\"><\/div>\n\n\n\n<figure class=\"wp-block-image size-large\"><img loading=\"lazy\" decoding=\"async\" width=\"1024\" height=\"678\" src=\"https:\/\/tradicioncafetera.com.co\/wp-content\/uploads\/2023\/06\/colombia-gb59a8acd0_1920-1024x678.jpg\" alt=\"\" class=\"wp-image-68\" srcset=\"https:\/\/tradicioncafetera.com.co\/wp-content\/uploads\/2023\/06\/colombia-gb59a8acd0_1920-1024x678.jpg 1024w, https:\/\/tradicioncafetera.com.co\/wp-content\/uploads\/2023\/06\/colombia-gb59a8acd0_1920-300x199.jpg 300w, https:\/\/tradicioncafetera.com.co\/wp-content\/uploads\/2023\/06\/colombia-gb59a8acd0_1920-768x509.jpg 768w, https:\/\/tradicioncafetera.com.co\/wp-content\/uploads\/2023\/06\/colombia-gb59a8acd0_1920-1536x1018.jpg 1536w, https:\/\/tradicioncafetera.com.co\/wp-content\/uploads\/2023\/06\/colombia-gb59a8acd0_1920.jpg 1920w\" sizes=\"auto, (max-width: 1024px) 100vw, 1024px\" \/><\/figure>\n<\/div>\n<\/div>\n<\/div><\/div>\n\n\n\n<div class=\"wp-block-group alignfull\"><div class=\"wp-block-group__inner-container is-layout-flow wp-block-group-is-layout-flow\">\n<div class=\"wp-block-columns are-vertically-aligned-center is-layout-flex wp-container-core-columns-is-layout-9d6595d7 wp-block-columns-is-layout-flex\">\n<div class=\"wp-block-column is-vertically-aligned-center is-layout-flow wp-block-column-is-layout-flow\">\n<div style=\"height:48px\" aria-hidden=\"true\" class=\"wp-block-spacer\"><\/div>\n\n\n\n<figure class=\"wp-block-image size-large\"><img loading=\"lazy\" decoding=\"async\" width=\"1024\" height=\"683\" src=\"https:\/\/tradicioncafetera.com.co\/wp-content\/uploads\/2023\/06\/coffee-g3e2daf31d_1920-1024x683.jpg\" alt=\"\" class=\"wp-image-69\" srcset=\"https:\/\/tradicioncafetera.com.co\/wp-content\/uploads\/2023\/06\/coffee-g3e2daf31d_1920-1024x683.jpg 1024w, https:\/\/tradicioncafetera.com.co\/wp-content\/uploads\/2023\/06\/coffee-g3e2daf31d_1920-300x200.jpg 300w, https:\/\/tradicioncafetera.com.co\/wp-content\/uploads\/2023\/06\/coffee-g3e2daf31d_1920-768x512.jpg 768w, https:\/\/tradicioncafetera.com.co\/wp-content\/uploads\/2023\/06\/coffee-g3e2daf31d_1920-1536x1024.jpg 1536w, https:\/\/tradicioncafetera.com.co\/wp-content\/uploads\/2023\/06\/coffee-g3e2daf31d_1920.jpg 1920w\" sizes=\"auto, (max-width: 1024px) 100vw, 1024px\" \/><\/figure>\n<\/div>\n\n\n\n<div class=\"wp-block-column is-vertically-aligned-center is-layout-flow wp-block-column-is-layout-flow\">\n<h2 class=\"wp-block-heading\">Productos<\/h2>\n\n\n\n<p>Nuestra producci\u00f3n agr\u00edcola contiene variedad de alimentos, principalmente el caf\u00e9.<\/p>\n\n\n\n<div class=\"wp-block-buttons is-layout-flex wp-block-buttons-is-layout-flex\">\n<div class=\"wp-block-button is-style-outline is-style-outline--2\"><a class=\"wp-block-button__link wp-element-button\">CONOCE +<\/a><\/div>\n<\/div>\n<\/div>\n<\/div>\n<\/div><\/div>\n\n\n\n<div class=\"wp-block-group alignfull has-black-background-color has-background\"><div class=\"wp-block-group__inner-container is-layout-flow wp-block-group-is-layout-flow\">\n<h2 class=\"wp-block-heading has-text-align-center has-white-color has-text-color\">Galeria<\/h2>\n\n\n\n<figure class=\"wp-block-gallery aligncenter has-nested-images columns-default is-cropped wp-block-gallery-3 is-layout-flex wp-block-gallery-is-layout-flex\">\n<figure class=\"wp-block-image size-large\"><img loading=\"lazy\" decoding=\"async\" width=\"1024\" height=\"683\" data-id=\"70\" src=\"https:\/\/tradicioncafetera.com.co\/wp-content\/uploads\/2023\/06\/coffee-flower-1564099_1920-1024x683.jpg\" alt=\"\" class=\"wp-image-70\" srcset=\"https:\/\/tradicioncafetera.com.co\/wp-content\/uploads\/2023\/06\/coffee-flower-1564099_1920-1024x683.jpg 1024w, https:\/\/tradicioncafetera.com.co\/wp-content\/uploads\/2023\/06\/coffee-flower-1564099_1920-300x200.jpg 300w, https:\/\/tradicioncafetera.com.co\/wp-content\/uploads\/2023\/06\/coffee-flower-1564099_1920-768x512.jpg 768w, https:\/\/tradicioncafetera.com.co\/wp-content\/uploads\/2023\/06\/coffee-flower-1564099_1920-1536x1024.jpg 1536w, https:\/\/tradicioncafetera.com.co\/wp-content\/uploads\/2023\/06\/coffee-flower-1564099_1920.jpg 1920w\" sizes=\"auto, (max-width: 1024px) 100vw, 1024px\" \/><\/figure>\n\n\n\n<figure class=\"wp-block-image size-large\"><img loading=\"lazy\" decoding=\"async\" width=\"1024\" height=\"683\" data-id=\"71\" src=\"https:\/\/tradicioncafetera.com.co\/wp-content\/uploads\/2023\/06\/coffee-flowers-g1bd58bced_1920-1024x683.jpg\" alt=\"\" class=\"wp-image-71\" srcset=\"https:\/\/tradicioncafetera.com.co\/wp-content\/uploads\/2023\/06\/coffee-flowers-g1bd58bced_1920-1024x683.jpg 1024w, https:\/\/tradicioncafetera.com.co\/wp-content\/uploads\/2023\/06\/coffee-flowers-g1bd58bced_1920-300x200.jpg 300w, https:\/\/tradicioncafetera.com.co\/wp-content\/uploads\/2023\/06\/coffee-flowers-g1bd58bced_1920-768x512.jpg 768w, https:\/\/tradicioncafetera.com.co\/wp-content\/uploads\/2023\/06\/coffee-flowers-g1bd58bced_1920-1536x1024.jpg 1536w, https:\/\/tradicioncafetera.com.co\/wp-content\/uploads\/2023\/06\/coffee-flowers-g1bd58bced_1920.jpg 1920w\" sizes=\"auto, (max-width: 1024px) 100vw, 1024px\" \/><\/figure>\n\n\n\n<figure class=\"wp-block-image size-large\"><img loading=\"lazy\" decoding=\"async\" width=\"1024\" height=\"684\" data-id=\"72\" src=\"https:\/\/tradicioncafetera.com.co\/wp-content\/uploads\/2023\/06\/vegetables-2726800_1920-1024x684.jpg\" alt=\"\" class=\"wp-image-72\" srcset=\"https:\/\/tradicioncafetera.com.co\/wp-content\/uploads\/2023\/06\/vegetables-2726800_1920-1024x684.jpg 1024w, https:\/\/tradicioncafetera.com.co\/wp-content\/uploads\/2023\/06\/vegetables-2726800_1920-300x200.jpg 300w, https:\/\/tradicioncafetera.com.co\/wp-content\/uploads\/2023\/06\/vegetables-2726800_1920-768x513.jpg 768w, https:\/\/tradicioncafetera.com.co\/wp-content\/uploads\/2023\/06\/vegetables-2726800_1920-1536x1026.jpg 1536w, https:\/\/tradicioncafetera.com.co\/wp-content\/uploads\/2023\/06\/vegetables-2726800_1920.jpg 1920w\" sizes=\"auto, (max-width: 1024px) 100vw, 1024px\" \/><\/figure>\n\n\n\n<figure class=\"wp-block-image size-large\"><img loading=\"lazy\" decoding=\"async\" width=\"683\" height=\"1024\" data-id=\"73\" src=\"https:\/\/tradicioncafetera.com.co\/wp-content\/uploads\/2023\/06\/pexels-polina-tankilevitch-4109744-683x1024.jpg\" alt=\"\" class=\"wp-image-73\" srcset=\"https:\/\/tradicioncafetera.com.co\/wp-content\/uploads\/2023\/06\/pexels-polina-tankilevitch-4109744-683x1024.jpg 683w, https:\/\/tradicioncafetera.com.co\/wp-content\/uploads\/2023\/06\/pexels-polina-tankilevitch-4109744-200x300.jpg 200w, https:\/\/tradicioncafetera.com.co\/wp-content\/uploads\/2023\/06\/pexels-polina-tankilevitch-4109744-768x1152.jpg 768w, https:\/\/tradicioncafetera.com.co\/wp-content\/uploads\/2023\/06\/pexels-polina-tankilevitch-4109744-1024x1536.jpg 1024w, https:\/\/tradicioncafetera.com.co\/wp-content\/uploads\/2023\/06\/pexels-polina-tankilevitch-4109744-1365x2048.jpg 1365w, https:\/\/tradicioncafetera.com.co\/wp-content\/uploads\/2023\/06\/pexels-polina-tankilevitch-4109744-scaled.jpg 1707w\" sizes=\"auto, (max-width: 683px) 100vw, 683px\" \/><\/figure>\n\n\n\n<figure class=\"wp-block-image size-large\"><img loading=\"lazy\" decoding=\"async\" width=\"1024\" height=\"680\" data-id=\"74\" src=\"https:\/\/tradicioncafetera.com.co\/wp-content\/uploads\/2023\/06\/coffee-g76ee11c03_1920-1024x680.jpg\" alt=\"\" class=\"wp-image-74\" srcset=\"https:\/\/tradicioncafetera.com.co\/wp-content\/uploads\/2023\/06\/coffee-g76ee11c03_1920-1024x680.jpg 1024w, https:\/\/tradicioncafetera.com.co\/wp-content\/uploads\/2023\/06\/coffee-g76ee11c03_1920-300x199.jpg 300w, https:\/\/tradicioncafetera.com.co\/wp-content\/uploads\/2023\/06\/coffee-g76ee11c03_1920-768x510.jpg 768w, https:\/\/tradicioncafetera.com.co\/wp-content\/uploads\/2023\/06\/coffee-g76ee11c03_1920-1536x1020.jpg 1536w, https:\/\/tradicioncafetera.com.co\/wp-content\/uploads\/2023\/06\/coffee-g76ee11c03_1920.jpg 1920w\" sizes=\"auto, (max-width: 1024px) 100vw, 1024px\" \/><\/figure>\n\n\n\n<figure class=\"wp-block-image size-large\"><img loading=\"lazy\" decoding=\"async\" width=\"683\" height=\"1024\" data-id=\"75\" src=\"https:\/\/tradicioncafetera.com.co\/wp-content\/uploads\/2023\/06\/coffee-ga06cc5b53_1920-683x1024.jpg\" alt=\"\" class=\"wp-image-75\" srcset=\"https:\/\/tradicioncafetera.com.co\/wp-content\/uploads\/2023\/06\/coffee-ga06cc5b53_1920-683x1024.jpg 683w, https:\/\/tradicioncafetera.com.co\/wp-content\/uploads\/2023\/06\/coffee-ga06cc5b53_1920-200x300.jpg 200w, https:\/\/tradicioncafetera.com.co\/wp-content\/uploads\/2023\/06\/coffee-ga06cc5b53_1920-768x1152.jpg 768w, https:\/\/tradicioncafetera.com.co\/wp-content\/uploads\/2023\/06\/coffee-ga06cc5b53_1920-1024x1536.jpg 1024w, https:\/\/tradicioncafetera.com.co\/wp-content\/uploads\/2023\/06\/coffee-ga06cc5b53_1920.jpg 1280w\" sizes=\"auto, (max-width: 683px) 100vw, 683px\" \/><\/figure>\n<\/figure>\n<\/div><\/div>\n\n\n\n<div class=\"wp-block-cover alignfull has-parallax is-position-center-center\" style=\"min-height:375px;aspect-ratio:unset;\"><span aria-hidden=\"true\" class=\"wp-block-cover__background has-black-background-color has-background-dim-40 has-background-dim\"><\/span><div role=\"img\" class=\"wp-block-cover__image-background wp-image-83 has-parallax\" style=\"background-position:50% 50%;background-image:url(https:\/\/tradicioncafetera.com.co\/wp-content\/uploads\/2023\/06\/coffee-grains-3923967_1920.jpg)\"><\/div><div class=\"wp-block-cover__inner-container is-layout-flow wp-block-cover-is-layout-flow\">\n<p class=\"has-text-align-center has-text-color has-huge-font-size\" style=\"color:#fffffa;line-height:1.1\"><strong>Encuentre en nosotros su mejor aliado <\/strong><\/p>\n\n\n\n<p class=\"has-text-align-center\"><p class=\"has-text-align-center\" style=\"color:#ffffff;\">Con transparencia y honestidad, brindamos a nuestros clientes un servicio confiable.<\/p><\/p>\n\n\n\n<div style=\"height:39px\" aria-hidden=\"true\" class=\"wp-block-spacer\"><\/div>\n\n\n\n<div class=\"wp-block-buttons is-horizontal is-content-justification-center is-layout-flex wp-container-core-buttons-is-layout-499968f5 wp-block-buttons-is-layout-flex\">\n<div class=\"wp-block-button is-style-outline is-style-outline--4\"><a class=\"wp-block-button__link has-white-color has-text-color wp-element-button\" href=\"#\">CONT\u00c1CTANOS<\/a><\/div>\n<\/div>\n<\/div><\/div>\n","protected":false},"excerpt":{"rendered":"<p>Nos diferencia el amor por lo que hacemos, la pasi\u00f3n por el campo y el deseo constante de superarnos cada d\u00eda, mejorando cada uno de nuestro procesos, para entregar un producto de alta calidad. Nosotros Somos una empresa de tradici\u00f3n familiar, dedicada a la producci\u00f3n agr\u00edcola, especializada en la comercializaci\u00f3n de productos de alta calidad. &hellip; <\/p>\n<p class=\"link-more\"><a href=\"https:\/\/tradicioncafetera.com.co\/\" class=\"more-link\">Leer m\u00e1s<span class=\"screen-reader-text\"> \u00abEn Tradici\u00f3n Cafetera nos motiva el amor por el campo\u00bb<\/span><\/a><\/p>\n","protected":false},"author":1,"featured_media":80,"parent":0,"menu_order":0,"comment_status":"closed","ping_status":"closed","template":"","meta":{"footnotes":""},"class_list":["post-33","page","type-page","status-publish","has-post-thumbnail","hentry"],"_links":{"self":[{"href":"https:\/\/tradicioncafetera.com.co\/index.php\/wp-json\/wp\/v2\/pages\/33","targetHints":{"allow":["GET"]}}],"collection":[{"href":"https:\/\/tradicioncafetera.com.co\/index.php\/wp-json\/wp\/v2\/pages"}],"about":[{"href":"https:\/\/tradicioncafetera.com.co\/index.php\/wp-json\/wp\/v2\/types\/page"}],"author":[{"embeddable":true,"href":"https:\/\/tradicioncafetera.com.co\/index.php\/wp-json\/wp\/v2\/users\/1"}],"replies":[{"embeddable":true,"href":"https:\/\/tradicioncafetera.com.co\/index.php\/wp-json\/wp\/v2\/comments?post=33"}],"version-history":[{"count":7,"href":"https:\/\/tradicioncafetera.com.co\/index.php\/wp-json\/wp\/v2\/pages\/33\/revisions"}],"predecessor-version":[{"id":94,"href":"https:\/\/tradicioncafetera.com.co\/index.php\/wp-json\/wp\/v2\/pages\/33\/revisions\/94"}],"wp:featuredmedia":[{"embeddable":true,"href":"https:\/\/tradicioncafetera.com.co\/index.php\/wp-json\/wp\/v2\/media\/80"}],"wp:attachment":[{"href":"https:\/\/tradicioncafetera.com.co\/index.php\/wp-json\/wp\/v2\/media?parent=33"}],"curies":[{"name":"wp","href":"https:\/\/api.w.org\/{rel}","templated":true}]}}